er when 30547 is divided by 277.
77
Calculate the remainder when 13200 is divided by 3.
0
Calculate the remainder when 4778 is divided by 27.
26
What is the remainder when 45300 is divided by 16?
4
What is the remainder when 641 is divided by 423?
218
What is the remainder when 311494 is divided by 103819?
37
What is the remainder when 115592 is divided by 247?
243
What is the remainder when 56927 is divided by 18908?
203
Calculate the remainder when 7069 is divided by 2311.
136
Calculate the remainder when 159211 is divided by 135.
46
Calculate the remainder when 2465 is divided by 26.
21
Calculate the remainder when 59923 is divided by 422.
421
What is the remainder when 15335 is divided by 591?
560
Calculate the remainder when 87692 is divided by 80.
12
Calculate the remainder when 18575 is divided by 2321.
7
Calculate the remainder when 33189 is divided by 86.
79
Calculate the remainder when 7928 is divided by 103.
100
Calculate the remainder when 3465 is divided by 55.
0
What is the remainder when 10557 is divided by 754?
1
Calculate the remainder when 201220 is divided by 123.
115
What is the remainder when 6505 is divided by 150?
55
What is the remainder when 26585 is divided by 180?
125
What is the remainder when 20766 is divided by 3461?
0
What is the remainder when 871 is divided by 266?
73
Calculate the remainder when 4018 is divided by 42.
28
What is the remainder when 41584 is divided by 58?
56
What is the remainder when 65426 is divided by 21789?
59
What is the remainder when 24915 is divided by 268?
259
Calculate the remainder when 9686 is divided by 3175.
161
Calculate the remainder when 2098 is divided by 29.
10
Calculate the remainder when 65266 is divided by 9319.
33
Calculate the remainder when 41340 is divided by 10.
0
Calculate the remainder when 5085 is divided by 1594.
303
Calculate the remainder when 3497 is divided by 1745.
7
What is the remainder when 1696 is divided by 393?
124
What is the remainder when 163183 is divided by 139?
136
Calculate the remainder when 32414 is divided by 10776.
86
What is the remainder when 9576 is divided by 9353?
223
What is the remainder when 2025757 is divided by 49?
48
What is the remainder when 3632 is divided by 268?
148
Calculate the remainder when 440 is divided by 98.
48
What is the remainder when 30931 is divided by 10303?
22
What is the remainder when 133794 is divided by 1380?
1314
What is the remainder when 67532 is divided by 201?
197
Calculate the remainder when 14577 is divided by 4843.
48
What is the remainder when 11604 is divided by 11296?
308
Calculate the remainder when 36651 is divided by 3.
0
Calculate the remainder when 2421 is divided by 608.
597
What is the remainder when 18709857 is divided by 2822?
2819
What is the remainder when 13646 is divided by 684?
650
Calculate the remainder when 1051 is divided by 26.
11
Calculate the remainder when 1703 is divided by 467.
302
Calculate the remainder when 56093 is divided by 1752.
29
What is the remainder when 197399 is divided by 65796?
11
What is the remainder when 1137 is divided by 317?
186
Calculate the remainder when 8387 is divided by 697.
23
Calculate the remainder when 10394 is divided by 223.
136
What is the remainder when 1144 is divided by 218?
54
Calculate the remainder when 11202 is divided by 5564.
74
What is the remainder when 40262 is divided by 13420?
2
What is the remainder when 20780086 is divided by 14?
12
Calculate the remainder when 11498316 is divided by 687.
684
Calculate the remainder when 38939 is divided by 52.
43
Calculate the remainder when 6348 is divided by 6242.
106
Calculate the remainder when 1516 is divided by 41.
40
Calculate the remainder when 18539 is divided by 1272.
731
Calculate the remainder when 5715 is divided by 40.
35
Calculate the remainder when 769609 is divided by 689.
685
Calculate the remainder when 36987 is divided by 18487.
13
Calculate the remainder when 28670 is divided by 224.
222
Calculate the remainder when 229402 is divided by 236.
10
What is the remainder when 528 is divided by 322?
206
What is the remainder when 319 is divided by 203?
116
Calculate the remainder when 749 is divided by 64.
45
Calculate the remainder when 733 is divided by 712.
21
What is the remainder when 279574 is divided by 46590?
34
Calculate the remainder when 31747 is divided by 418.
397
What is the remainder when 1803 is divided by 339?
108
What is the remainder when 367 is divided by 113?
28
Calculate the remainder when 18908 is divided by 394.
390
Calculate the remainder when 17500 is divided by 500.
0
What is the remainder when 9835 is divided by 32?
11
Calculate the remainder when 3593 is divided by 240.
233
What is the remainder when 436414 is divided by 34?
24
Calculate the remainder when 280253 is divided by 280235.
18
Calculate the remainder when 37760 is divided by 90.
50
What is the remainder when 24449 is divided by 266?
243
Calculate the remainder when 62225 is divided by 70.
65
Calculate the remainder when 6530 is divided by 180.
50
What is the remainder when 10741 is divided by 20?
1
Calculate the remainder when 3348 is divided by 214.
138
What is the remainder when 665431 is divided by 77?
74
Calculate the remainder when 7472189 is divided by 33.
32
What is the remainder when 379626 is divided by 58?
16
Calculate the remainder when 2251449 is divided by 925.
924
Calculate the remainder when 265493 is divided by 8.
5
Calculate the remainder when 4287 is divided by 7.
3
What is the remainder when 3878 is divided by 81?
71
Calculate the remainder when 6987 is divided by 1396.
7
What is the remainder when 1430601 is divided by 143059?
11
Calculate the remainder when 917372 is divided by 1813.
1807
What is the remainder when 1893 is divided by 147?
129
Calculate the remainder when 7204 is divided by 344.
324
What is the remainder when 656 is divided by 621?
35
What is the remainder when 61127 is divided by 36?
35
What is the remainder when 3896 is divided by 55?
46
Calculate the remainder when 11666 is divided by 508.
490
What is the remainder when 21478 is divided by 15?
13
What is the remainder when 12081 is divided by 5498?
1085
What is the remainder when 105434 is divided by 21084?
14
What is the remainder when 143990 is divided by 28778?
100
Calculate the remainder when 42987 is divided by 4282.
167
What is the remainder when 81645 is divided by 84?
81
What is the remainder when 7251 is divided by 1?
0
Calculate the remainder when 10646 is divided by 31.
13
Calculate the remainder when 593 is divided by 542.
51
Calculate the remainder when 81353 is divided by 20287.
205
What is the remainder when 165870 is divided by 291?
0
Calculate the remainder when 47883 is divided by 61.
59
What is the remainder when 9427 is divided by 138?
43
What is the remainder when 3854 is divided by 252?
74
Calculate the remainder when 2256 is divided by 6.
0
What is the remainder when 8119572 is divided by 1725?
1722
What is the remainder when 19214 is divided by 3840?
14
What is the remainder when 14375 is divided by 262?
227
What is the remainder when 512458 is divided by 146?
144
Calculate the remainder when 33012 is divided by 23.
7
Calculate the remainder when 3632 is divided by 1532.
568
Calculate the remainder when 52720 is divided by 98.
94
What is the remainder when 172198 is divided by 35?
33
What is the remainder when 16294 is divided by 771?
103
Calculate the remainder when 30876 is divided by 7660.
236
Calculate the remainder when 322478 is divided by 322463.
15
Calculate the remainder when 1255 is divided by 18.
13
Calculate the remainder when 17894 is divided by 55.
19
Calculate the remainder when 962 is divided by 321.
320
What is the remainder when 189836 is divided by 89?
88
Calculate the remainder when 4674 is divided by 1167.
6
Calculate the remainder when 40178 is divided by 13389.
11
What is the remainder when 64020 is divided by 572?
528
What is the remainder when 31218 is divided by 799?
57
What is the remainder when 380382 is divided by 32?
30
Calculate the remainder when 86120 is divided by 97.
81
What is the remainder when 1646578 is divided by 195?
193
What is the remainder when 2712 is divided by 708?
588
What is the remainder when 52264 is divided by 312?
16